v - q*r = 16, 0*r + 4*r = 0. Suppose -v*f = -2 - 78. What is the remainder when 58 is divided by f?
18
Let g be 6 - (1 - 1 - -2). Let m = 12 - g. Let z = -27943 + 27964. What is the remainder when z is divided by m?
5
Let v(f) = 45 - 2*f - 7*f + 7*f. Calculate the remainder when v(-16) is divided by 26.
25
Let n(v) be the third derivative of -v**5/60 - v**4/3 + v**3/2 + 28*v**2. What is the remainder when n(-5) is divided by 12?
6
Let z(t) = 8*t - 4. What is the remainder when z(2) is divided by 4?
0
Suppose 5*f + 5*l + 22 = 132, 2*l - 113 = -5*f. What is the remainder when f is divided by 16?
7
Let m(n) = n**3 - 11*n**2 + 10*n + 28. Calculate the remainder when 44 is divided by m(10).
16
Let p(x) = x**3 + 5*x**2 + 8*x + 13. Let b be p(-4). What is the remainder when 0/b - -7 - 1 is divided by 4?
2
Let s = 4 + -22. Let r = -9 - s. Suppose 0*y = -5*y + 125. What is the remainder when y is divided by r?
7
Let y(p) = -p**3 - 27*p**2 - 27*p + 6. What is the remainder when y(-26) is divided by 11?
10
Let p(o) = 3*o**2 - o - 3. Let w(g) = 2*g**3 - 4*g**2 - g + 3. Let b be w(-2). What is the remainder when 2/18*-2 - 1653/b is divided by p(3)?
19
Suppose -u = 4*i - 7*i + 141, -4*i + 199 = -5*u. Suppose r = 0, -5*m + 6*r = r - 1140. Calculate the remainder when m is divided by i.
44
Suppose 0 = -l, 4*q + 4*l = 313 + 315. What is the remainder when q is divided by 32?
29
Suppose 0 = -4*z - 3*y + 857, -4*z - 4*y + 634 = -z. Suppose 14*k - z + 22 = 0. What is the remainder when 40 is divided by k?
12
Suppose 0 = -14*t + 661 + 1243. What is the remainder when t is divided by 35?
31
Suppose -4*s + 406 = x, -8*s + 5*s - x + 305 = 0. What is the remainder when s is divided by 13?
10
Suppose d - 2*r = 46, 2*d - r - 101 + 0 = 0. Calculate the remainder when d is divided by 12.
4
Let t(u) = -u**2 + 20*u - 30. Calculate the remainder when 74 is divided by t(17).
11
Let b be 4 - (0 - 3/(-3)). Suppose -3*z - 47 = -f - 7*z, -3*z - 126 = -b*f. What is the remainder when f is divided by 11?
10
Let t = 23 + -11. Suppose 2*p + 6*z - 5*z - t = 0, -4*z + 16 = 0. What is the remainder when 3 + 4 + 0 + -1 is divided by p?
2
Let d = -118 - -159. What is the remainder when 43 is divided by d?
2
Let u(d) = d**2 + 14*d + 1. Let i be 1197/(-81) + 2/(-9). Let z be u(i). Let k = z - -17. Calculate the remainder when k is divided by 9.
6
Suppose -2*g = 4*i + i - 4, 17 = i - 5*g. Let r be i/(-8) + (-52)/(-16). Suppose 0 = r*d - 136 - 38. Calculate the remainder when d is divided by 30.
28
Suppose -4 = 4*u, 88*i - 5*u - 237 = 86*i. What is the remainder when i is divided by 1*9*39/9?
38
Let s = 72 + 24. Let v = -9 - -29. Calculate the remainder when s is divided by v.
16
Let c(i) = 13 - i - i + 3*i. What is the remainder when 49 is divided by c(0)?
10
Suppose 970 = 7*g - 1816. What is the remainder when g is divided by 5?
3
Let m(o) = -o**2 - 14*o - 11. Let w be m(-13). Suppose -4*l = -3*l - 2*k - 83, 5*k - 175 = -w*l. Let p = -16 + 38. What is the remainder when l is divided by p?
19
Calculate the remainder when 173 is divided by ((-9)/54*2)/(1/(-75)).
23
Suppose 0 = j + 3 - 5. Let z be 7*j*(16 + -35). Calculate the remainder when 35 is divided by (0 + -1)/(14/z).
16
Suppose 3*n = -m + 11, -5*n - m + 7 = -5*m. Suppose -n*p + 9 + 72 = 0. Calculate the remainder when p is divided by 16.
11
Suppose 2*a + 2*a - 68 = 0. Let w = a - 11. Suppose 2*d = -w, -i - 3*d - 6 = -0*i. What is the remainder when 9 is divided by i?
0
Let x(h) = -h**3 + 44*h**2 + 139*h + 114. Suppose 0*k + 77 = k. What is the remainder when k is divided by x(47)?
17
Let s be 0 - 2 - 36/2. Let o = -2 + s. What is the remainder when 31 is divided by o/10*-1*5?
9
Suppose 9 = -3*f + 6*f. Suppose 0 = -4*z - z + 2*j + 74, -f*j + 8 = z. What is the remainder when (2/(-3) - 0)*477/(-6) is divided by z?
11
Let j(m) = -m + 6. Let y be j(3). Suppose -y*p + 0*p + 30 = 0. Let v = 145 - 130. Calculate the remainder when v is divided by p.
5
Suppose -76 = -5*p + 79. What is the remainder when 91 is divided by p?
29
Suppose 4*g + 10 = -2*q, -5 = 3*q + 3*g + 7. Let b = -9 - -16. What is the remainder when (6 + 1 + q)/(4/20) is divided by b?
6
Let u(i) = i**2 + 31*i + 310. What is the remainder when u(-23) is divided by 10?
6
Let n(p) = -10*p - 58. Let u be 12*6/16*6. Suppose -r - 2*m - u = -2*r, 120 = 4*r - 4*m. Calculate the remainder when r is divided by n(-7).
9
Let t(h) = -223 + 198 - 13*h - h**3 - 3*h - 15*h**2. Calculate the remainder when t(-14) is divided by 3.
0
Let d = 49 - 28. Let v = 115 + -54. Calculate the remainder when v is divided by d.
19
Let h = 86 - 61. Calculate the remainder when h is divided by 3942/292 - (-1)/(-2).
12
Let d = 166 - 101. Let q be (-102)/(-13) - (-10)/d. Suppose 2*k + 4*x + q = 7*k, 12 = 4*x. What is the remainder when 9 is divided by k?
1
Let y(g) = -4*g + 1. Suppose 0 = 2*i + 3*i - 15. Suppose -24 = 4*c + 4*b, 4*b - i = c + 2*b. Calculate the remainder when 82 is divided by y(c).
19
Calculate the remainder when 147 is divided by (11 + 4)/1 + 4.
14
Suppose 3*f = -3*n, 0 = 5*n + 2*f - 10 - 5. Let h = n + -9. Let v = h + 11. What is the remainder when 20 is divided by v?
6
Suppose 0 = -w - 7*w + 216. Suppose u = x - w, -5*x + x + 113 = u. Calculate the remainder when 55 is divided by x.
27
Let h(r) = -r**2 + 2*r + 3. Let o be h(0). Suppose 0 = -2*z - o*z + 80. What is the remainder when 30 is divided by z?
14
Let b = -1 + 5. Suppose 2*w - 12 = -w. What is the remainder when 10 + (-1)/(b/(-12)) is divided by w?
1
Let y = -450 - -461. Calculate the remainder when y is divided by 9.
2
Let y(s) = s + 2. Let n be y(8). Let c be 2 - 3 - (n - 1). Calculate the remainder when 13 is divided by (-78)/c - (-5)/25.
5
Let d = -19 - -24. Suppose -3*x - 1 - 8 = -3*c, 3*c - 9 = d*x. Suppose -v + 36 + 6 = x. Calculate the remainder when v is divided by 9.
6
Calculate the remainder when 88/66 - (-800)/3 is divided by 55.
48
Suppose 20 = 6*p - 4. Suppose -473 - 67 = -p*a. Let l = a - 96. Calculate the remainder when l is divided by 20.
19
Suppose 60*p = 30*p + 1140. What is the remainder when 203 is divided by p?
13
Let o(g) = g**3 + 9*g**2 - 12*g - 24. Let l be o(-9). Suppose 0 = 77*r - l*r + 840. Calculate the remainder when r is divided by 18.
12
Let z be 1 - 3*6*32/18. Let o = 20 - z. Calculate the remainder when 200 is divided by o.
47
Let s be 1/2*(-9 - -9). Suppose -4*r + 2959 = 3*v, -2*v - 5 - 1 = s. Suppose -7*m + r = 91. Calculate the remainder when m is divided by 24.
21
What is the remainder when (1 - -33)*(13 + (-150)/12) is divided by 6?
5
Suppose 2*d + 936 = 26*d. Calculate the remainder when 100 is divided by d.
22
Let t = 4 + -1. Suppose 56 = t*h + h. Let a(n) = -n**2 + 15*n - 18. Calculate the remainder when a(11) is divided by h.
12
Let y be -2 + (-4 - -3 - -3). Suppose 3*b - 2*b = -2, -3*m - 3*b = y. What is the remainder when 4 is divided by m?
0
Let u(l) = -2*l**3 - 19*l**2 - 14*l + 55. What is the remainder when u(-13) is divided by 79?
77
Let x(m) = -6*m + 173. What is the remainder when 78 is divided by x(28)?
3
Let o(v) = 2*v**2 - 4*v. Let p = 64 + -61. Calculate the remainder when (-354)/(-15) + (-3)/5 is divided by o(p).
5
Calculate the remainder when 445 - ((-12)/5)/(12/(-30)) is divided by 40.
39
Let i(m) = -m**3 - 7*m**2 + 41*m + 2. What is the remainder when 68 is divided by i(-11)?
33
Suppose 2*c = -4*v + 190, -2*v + 85 = 2*c - 107. Let g = c - 53. What is the remainder when g is divided by 16?
12
Let q(f) = f**2 - 3*f**2 + 3*f**2 - 5*f + 8. Let p(x) = x**2 - 24*x - 46. Let v be p(26). What is the remainder when 39 is divided by q(v)?
11
Let s(z) = -5*z - 1 - 3*z + 6*z. Let o be s(-2). Suppose -t = o - 22. Calculate the remainder when t is divided by 10.
9
Let h(q) = -q**2 + 3*q + 1. Let j be h(2). Suppose 4*y - j - 73 = 0. Calculate the remainder when y is divided by 7.
5
Suppose 2*k = -2*n + k + 11, -4*k = n - 9. Suppose 248 = n*x - x. What is the remainder when x is divided by -1 - 0 - (-14 - 3)?
14
Suppose 122 = -3*q + 485. Let g = q - 90. What is the remainder when g is divided by 4?
3
Calculate the remainder when 181/2*(-13)/(273/(-42)) is divided by 46.
43
Let l(s) = -s**3 - 5*s**2 + 2*s - 6. Let o = -810 - -843. What is the remainder when o is divided by l(-6)?
15
Suppos